b) = -20*b + 92. Calculate s(f).
-8
Let p(b) = 77*b + 74*b - 155*b + 2. Let h(j) = -j + 1. Let c(n) = -2*h(n) + p(n). What is c(-3)?
6
Suppose -80*w + 41 = 281. Let n(h) = -5*h**2 - h - 1. Calculate n(w).
-43
Let v be (-2)/(-6) - 7/(147/(-182)). Let g(n) = -5*n**2 + v*n - 6*n**2 - 8*n**2 + 20*n**2 + 12. Calculate g(-6).
-6
Let t(m) be the second derivative of -m**4/12 - 5*m**3/3 - 2*m**2 + 1050*m. Suppose 2*x - 13 = -0*p + 3*p, -3*p = -x + 14. Calculate t(p).
21
Let u = -15 - -16. Let q(d) = -20*d + 5 + 21*d - 6 - 22*d. Give q(u).
-22
Let b(o) be the first derivative of 3*o**3 - 4*o**2 + 7*o + 24 + 1/4*o**4. Let j(u) = -3*u**3 - 19*u**2 + 16*u - 15. Let h(g) = -5*b(g) - 2*j(g). Give h(6).
7
Let x(m) be the third derivative of -m**4/6 + m**3/2 + 20*m**2. Let u = 1939 + -1941. Give x(u).
11
Let p(o) = 4*o**2 - 12*o - 11. Let s(g) = 3*g**2 - 11*g - 8. Let z(j) = 4*p(j) - 5*s(j). Give z(-7).
-4
Let c(l) = 46 + 26 + 100*l - 52 - 117*l - l**2 + 23. Determine c(-19).
5
Let t(b) = -b - 6. Suppose -3*n = 51 - 180. Let u be ((-480)/18)/10*18*1. Let h = n + u. Give t(h).
-1
Let r(s) be the first derivative of -s**3/3 + 27*s**2/2 - 42*s - 1446. Determine r(26).
-16
Let p = 2464 - 2464. Let g(n) = 10*n + 4. Calculate g(p).
4
Let v(x) = 3*x + 2. Let g be (-3)/6*4/(-8)*0. Suppose -4*k - 5*k - 54 = g. Determine v(k).
-16
Suppose -4*x + 4*i + 16 = 0, 0*x + 2*x = 4*i + 18. Let n be 5 + (-1 - (x + 4)). Let c(w) = 18*w**2 - 1. What is c(n)?
17
Let n(j) be the first derivative of j**2/2 + 15*j - 3676. Calculate n(-13).
2
Let p(k) = k - 48. Let l(n) = 6*n**3 - 8*n**2 + 13*n - 5. Let d be l(1). Give p(d).
-42
Suppose -9*n - 5 = -85*n - 81. Let s(p) = 2*p**2 - 4. Determine s(n).
-2
Let n be (16/10)/(132/165). Let c(f) be the second derivative of 0 + 2/3*f**3 - 3/2*f**2 + 3*f. Give c(n).
5
Let q(v) be the third derivative of -v**4/12 + 11*v**3 + 1175*v**2. Determine q(30).
6
Let g(p) = 12*p**2 + 283*p - 10. Let n(z) = -7*z**2 - 160*z + 5. Let t(b) = 4*g(b) + 7*n(b). Let v be (-6)/(-9) + (-68)/(-6). What is t(v)?
-5
Suppose -2*m - 3 = 3. Let n be m/(-4) - (-37)/4. Suppose 6*v - n = 44. Let c(u) = -u**2 + 7*u + 13. What is c(v)?
-5
Let k(y) = y**2 - 8*y - 15. Let q = -3234 + 3242. Give k(q).
-15
Let m(z) = z - 10 + 3*z - 5*z. Let l(b) = -1166*b + 2322. Let n be l(2). Determine m(n).
0
Let k(o) = 2*o**2 - 16 - 27 + 105 - 8 - 16 - 20*o. Give k(12).
86
Let x(a) = a**2 + 2*a - 16. Suppose -4 = -4*n, 3*o - 6*o + 58 = n. Suppose -o*d + 95 = -38*d. Determine x(d).
-1
Suppose -274*k - 65 = -279*k. Let q(p) = 6*p - 73. Determine q(k).
5
Let o(c) = 35*c**3 + 30*c**3 + 31*c**3 - 9 - 5*c + 20*c**3 - 6*c**2 - 115*c**3. Give o(7).
5
Let p be (-8)/((-576)/(-24075)) - 6/(-16). Let r = p + 341. Let l(j) = j**3 - 8*j**2 + j + 4. Calculate l(r).
-38
Let g(b) = -41*b - 120. Let k be g(-3). Let r(u) = -k + 1 - 6 - 6 + 3 + 3*u. Give r(7).
10
Suppose -7*v + 11*v - 8 = 0. Let u(b) = 8 - 5*b - v*b**2 - 7*b**2 + 8*b**2. Let p be 51/(-153)*(-36)/(-2). Determine u(p).
2
Let l(n) be the first derivative of -26*n + 13*n - 49 - 3*n**2 + 20*n + 2*n**2. Calculate l(5).
-3
Let w(z) = 6 - 1 + 17 + z**2 + 15*z + 24. Calculate w(-11).
2
Let g(y) = -2*y + 53. Let a be g(25). Let k be -10*-2*a/12 + -3. Let i(t) = -4471 + k*t**2 - 6*t + 4471. What is i(4)?
8
Suppose 3*f - 18 = -3*p, 70*p = 75*p - 3*f - 14. Let i(z) be the first derivative of -z**3/3 + 3*z**2/2 + 3*z + 1. What is i(p)?
-1
Let l(r) be the first derivative of -r**2 + 10*r + 909. Let v = 7 - 7. Give l(v).
10
Let k(h) = 0*h + 0*h + 7*h - 379 + 433. Let b be k(-8). Let y(i) = -3*i**2 + 3. What is y(b)?
-9
Let q = -23 + 15. Let p(c) = -c - 1 - 49071*c**2 + 49079*c**2 + c**3 + 5. Calculate p(q).
12
Let y(f) = 3*f + 12579 - 6264 + 2*f - 6210. What is y(-19)?
10
Suppose k - 3 = 5*b, 2*b = -k - 3*b + 3. Let a(i) = -8 - 10*i + 1266*i**k - i - 11*i**2 - 1267*i**3. Give a(-10).
2
Suppose -16 = -4*z, -5*v + 6 = -3*z - 2. Suppose -v*l = 4 + 16, -4*l = -4*d + 180. Let o(c) = d + 43 - c - 83. Give o(3).
-3
Let a(b) = -2*b + 31. Let f(l) = 4*l**2 + 34*l + 66. Let n be f(-3). Determine a(n).
31
Let i(x) = -x**2 - 10*x + 4. Let m be i(0). Suppose 2*v = -2*g - 4, 12 = v + 3*g + m. Let r(d) = -d - 2. Give r(v).
5
Let r(g) = -4*g**2 - 3*g. Let o(x) = -25*x**2 + x - 12. Let k(t) = o(t) - 6*r(t). What is k(9)?
78
Let n(i) = i**3 - i**2 - i + 1. Let p(t) = -9*t**3 + 2*t**2 + 6*t - 5. Let a(y) = -3*n(y) - p(y). Let b = -949 + 950. Calculate a(b).
6
Suppose -101*r = -181 + 181. Let p(y) = -y**3 - 2*y**2 - 50. What is p(r)?
-50
Let a = 50 + -98. Let n be (4/(a/45) - -3)*-4. Let t(p) = -p**2 - 18 + 4*p - 3*p + 219*p**n - 220*p**3. Calculate t(0).
-18
Suppose -j = 5*i + 15, -104*i + 102*i = -j + 13. Let g(f) = -16*f + 87. Determine g(j).
7
Let w(z) = -z**2 + 9*z - 11. Suppose -2*j = 5*c - 24, 2*j = -6*c + 7*c + 24. Suppose -j*o = 25*o - 333. Calculate w(o).
-11
Let c = 139 + -137. Let j(g) = 0*g - 7 - 650*g**2 + 651*g**c - g - 5*g. Suppose -u = -3*b - 2*b - 17, -5*u - b + 33 = 0. Give j(u).
0
Let r(s) be the second derivative of 1/3*s**3 + 1 - 1/20*s**5 - 1/2*s**4 - 56*s + 9/2*s**2. Let n be (9/(-4))/((-6)/(-16)). Give r(n).
-3
Let w(v) = v**2 - 4*v**3 - 6 + 3*v**3 + 3 + 2. Suppose 5*s - s = 16. Suppose -2*q = 3*q - 2*l - s, q + 4 = -2*l. Give w(q).
-1
Let m(v) = 6*v**2 + 3*v + 78. Let j(f) = -7*f**2 - 2*f - 92. Let t(z) = 5*j(z) + 6*m(z). Determine t(-8).
8
Let t(i) be the second derivative of -2*i**3/3 - i**2 + 563*i. Suppose -4*l + 3 = -3*l. Suppose -l*b + 11 = 5*u, -u - 3 = b - 4. Give t(b).
10
Let l(y) = 7*y - 317. Let o be l(46). Let b(j) = 4*j - 11. Let m be b(o). Let w(i) = i**2 - 10*i + 13. Determine w(m).
4
Suppose -6*u + 2*u - 4*o - 4 = 0, 0 = o + 5. Let r be (-2)/(-10) - 578/(-85). Let g(a) = -a**2 + 5*a + 7 + r + 6 - 15. Calculate g(u).
9
Let k(y) = -y - 1. Let s be (-395)/(-10) - (-15)/(-10). Suppose -s*p + 12 = -34*p. Suppose p*m + m - 22 = -v, -2*m + 20 = 2*v. What is k(v)?
-7
Let t(p) be the second derivative of 2*p**3/3 + 80*p**2 - p - 483. Calculate t(-41).
-4
Suppose -a = -0*a - 4. Let z(v) = 5 + a*v - 4*v - v. Determine z(5).
0
Let r(o) be the second derivative of o**7/840 - o**6/72 + o**5/20 - o**4/4 - o**3/3 + 3*o**2/2 - 2*o. Let j(d) be the second derivative of r(d). Calculate j(4).
2
Let y(w) = -2*w**3 + w + 1. Let r = -87 - -87. Suppose 6*d + 11*d - 119 = r. Suppose d = -8*h + h. Give y(h).
2
Let j(y) be the second derivative of 17*y**3/6 - 115*y**2/2 - 2666*y. Give j(7).
4
Let a(r) be the third derivative of -r**5/60 + 13*r**4/24 - r**3/3 - 19*r**2 + 18*r. Calculate a(7).
40
Let m(g) = 4*g**2 - 27*g + 14. Let p(y) = -11*y**2 + 75*y - 43. Let x(q) = -8*m(q) - 3*p(q). Calculate x(6).
-1
Let f(k) = -k**2 + 7*k + 4. Suppose 2*r = 3*p - 3, -4*p - 3 = -5*r - 0*p. Let t be (r/18)/(8/(-64))*-72. Let c be (-3)/(-5 - t/(-21)). Give f(c).
4
Suppose 0*x - x + 4*q + 290 = 0, -2*q = 3*x - 870. Let k = -278 + x. Let m(i) = -i + 19. Give m(k).
7
Let i(v) = v + 23. Let d = -10352 + 10345. What is i(d)?
16
Let t(q) be the second derivative of -q**5/20 + 13*q**4/6 - 9*q**3/2 + 22*q**2 - 15*q + 59. Determine t(25).
-6
Let g(m) = 125*m + 3*m - 62*m - 4*m**2 + 3 - m**3 - 67*m. Calculate g(3).
-63
Let b(l) = 10 + 170*l - 524*l + l**2 + 171*l + 176*l. What is b(5)?
0
Suppose -3*l - 83 - 5 = -5*a, 2*l + 12 = 0. Let w(y) = y**2 - 9*y - 40. Give w(a).
30
Let t(p) = 195*p**2 + 203*p**2 - 5 + 199*p**2 - 595*p**2 + 23*p - 83. Determine t(3).
-1
Let k(b) be the first derivative of b**6/360 + b**5/24 - 3*b**4/8 + 4*b**3 + b**2 + 56. Let q(a) be the third derivative of k(a). What is q(-7)?
5
Let c(p) = 2*p**2 - 71*p + 85. Suppose 0 = -2855*v + 2921*v - 2244. Determine c(v).
-17
Let u(h) = -h**2 - 3*h - 3. Let f be 48/(-32) - (-3)/(-2). Let t be u(f). Let j(d) = -2*d + d + 20*d - 23*d + 0*d. Determine j(t).
12
Let r(y) = -77*y**2 - 8*y + 3. Let x(k) = -26*k**2 - 2*k + 1. Let c(q) = -r(q) + 3*x(q). Let u(d) = -d - 2. Let g be u(0). Calculate c(g).
-8
Let q(i) = -2*i + 55. Let n(m) = -m + 48. Let y(r) = 5*n(r) - 4*q(r). Calculate y(-9).
-7
Let b(l) = -4*l**2 - 158*l - 95. Suppose -r + 2*t - 23 = 0, -r - 55 = 204*t - 202*t. What is b(r)?
-17
Let n(c) = -5*c**2 - 47 + 19 + 6*c**2. Suppose -5*v - 4*g + 12 = 0, 0*v - 3*v = -4*g + 12. Give n(v).
-28
Let l be 7*-2 - (-1 + 1). Let v(u